se 5.
1
0 (base 14) to base 15
0
Convert -11b (base 13) to base 11.
-166
Convert -110 (base 3) to base 8.
-14
2 (base 7) to base 15
2
26 (base 12) to base 5
110
81 (base 11) to base 4
1121
What is -7 (base 10) in base 3?
-21
-7c (base 15) to base 7
-225
What is 200 (base 4) in base 13?
26
What is -28 (base 13) in base 9?
-37
What is -8a (base 11) in base 2?
-1100010
What is 1100101 (base 2) in base 7?
203
Convert -32 (base 9) to base 12.
-25
Convert -3 (base 13) to base 16.
-3
What is -d (base 16) in base 3?
-111
88 (base 14) to base 13
93
-10222 (base 3) to base 12
-8b
-1aa (base 14) to base 11
-295
What is 1 (base 13) in base 3?
1
What is -2 (base 3) in base 4?
-2
Convert 402 (base 6) to base 13.
b3
What is -102 (base 4) in base 5?
-33
Convert 0 (base 12) to base 10.
0
What is -1 (base 3) in base 11?
-1
What is 1 (base 12) in base 4?
1
Convert -11000 (base 3) to base 7.
-213
Convert -53 (base 11) to base 7.
-112
What is -e (base 15) in base 13?
-11
What is -22 (base 4) in base 10?
-10
What is 39 (base 12) in base 5?
140
Convert -6 (base 14) to base 15.
-6
Convert -a (base 13) to base 8.
-12
What is 101 (base 10) in base 16?
65
What is 6 (base 16) in base 12?
6
Convert -167 (base 10) to base 2.
-10100111
What is -b3 (base 14) in base 15?
-a7
Convert 3 (base 4) to base 14.
3
Convert 115 (base 8) to base 10.
77
Convert 221 (base 3) to base 15.
1a
Convert 2 (base 3) to base 11.
2
-1 (base 7) to base 5
-1
What is 3 (base 13) in base 7?
3
-15 (base 16) to base 9
-23
Convert -1001 (base 3) to base 6.
-44
Convert 15 (base 12) to base 11.
16
0 (base 16) to base 3
0
What is -2 (base 7) in base 12?
-2
Convert 18 (base 12) to base 9.
22
What is -25 (base 8) in base 9?
-23
Convert a (base 16) to base 14.
a
What is 45 (base 6) in base 9?
32
-161 (base 12) to base 6
-1001
Convert 104 (base 11) to base 10.
125
245 (base 7) to base 3
11212
Convert 25 (base 14) to base 15.
23
43 (base 9) to base 16
27
Convert -18 (base 13) to base 8.
-25
What is -226 (base 10) in base 6?
-1014
131 (base 4) to base 14
21
Convert 10011 (base 2) to base 11.
18
What is 0 (base 16) in base 15?
0
Convert 10 (base 6) to base 13.
6
What is 118 (base 10) in base 11?
a8
What is 1044 (base 5) in base 12?
105
Convert 3 (base 13) to base 10.
3
Convert 12 (base 14) to base 5.
31
What is 0 (base 12) in base 15?
0
104 (base 9) to base 4
1111
What is 2 (base 10) in base 6?
2
Convert 101011 (base 2) to base 3.
1121
What is 1c (base 16) in base 12?
24
What is 2 (base 6) in base 14?
2
2 (base 10) to base 3
2
Convert 21 (base 11) to base 16.
17
148 (base 12) to base 9
242
What is -263 (base 7) in base 6?
-355
Convert 12022 (base 3) to base 6.
355
Convert 50 (base 9) to base 6.
113
-30 (base 11) to base 5
-113
What is 22 (base 16) in base 15?
24
What is 4a (base 11) in base 7?
105
Convert 1 (base 5) to base 15.
1
5 (base 13) to base 9
5
30 (base 4) to base 12
10
2 (base 5) to base 12
2
Convert 3 (base 4) to base 14.
3
4 (base 10) to base 14
4
1c (base 13) to base 16
19
Convert -42 (base 5) to base 14.
-18
Convert 1002 (base 3) to base 7.
41
What is 16 (base 14) in base 13?
17
517 (base 8) to base 9
412
-2 (base 15) to base 2
-10
What is -171 (base 8) in base 9?
-144
Convert -11 (base 2) to base 4.
-3
Convert 202 (base 3) to base 11.
19
Convert 0 (base 5) to base 12.
0
10 (base 2) to base 16
2
Convert -139 (base 10) to base 3.
-12011
-154 (base 11) to base 12
-130
Convert -1 (base 2) to base 3.
-1
What is a8 (base 12) in base 6?
332
Convert 10 (base 4) to base 5.
4
Convert 25 (base 7) to base 8.
23
29 (base 13) to base 9
38
What is 11 (base 13) in base 3?
112
-1 (base 12) to base 16
-1
20 (base 9) to base 3
200
What is -1b (base 15) in base 9?
-28
Convert 111 (base 3) to base 9.
14
What is -8 (base 16) in base 2?
-1000
-15 (base 7) to base 2
-1100
What is 5 (base 14) in base 7?
5
What is 1 (base 7) in base 3?
1
4 (base 8) to base 13
4
What is -5 (base 11) in base 16?
-5
3 (base 9) to base 2
11
Convert -1010011 (base 2) to base 13.
-65
-19 (base 10) to base 8
-23
Convert -56 (base 7) to base 11.
-38
What is 434 (base 5) in base 10?
119
-26 (base 16) to base 3
-1102
Convert -1203 (base 4) to base 9.
-120
-1100 (base 2) to base 11
-11
Convert -3 (base 4) to base 13.
-3
0 (base 10) to base 2
0
What is -a (base 16) in base 5?
-20
What is 15 (base 8) in base 12?
11
Convert 90 (base 12) to base 16.
6c
-1000100 (base 2) to base 14
-4c
Convert 2 (base 13) to base 9.
2
12 (base 10) to base 3
110
What is 4a (base 11) in base 8?
66
Convert -2 (base 16) to base 5.
-2
What is -184 (base 13) in base 8?
-425
What is 15 (base 7) in base 8?
14
1 (base 10) to base 13
1
What is -12 (base 3) in base 4?
-11
1a (base 13) to base 7
32
What is -1 (base 6) in base 7?
-1
15 (base 16) to base 7
30
-100 (base 3) to base 9
-10
2a (base 14) to base 16
26
What is 12 (base 11) in base 3?
111
Convert 60 (base 10) to base 16.
3c
-18 (base 10) to base 7
-24
Convert 3a (base 15) to base 8.
67
What is -2 (base 6) in base 10?
-2
What is 2 (base 12) in base 9?
2
-1 (base 3) to base 2
-1
2 (base 14) to base 15
2
Convert 7 (base 9) to base 13.
7
What is a (base 15) in base 11?
a
1 (base 7) to base 8
1
What is 3 (base 12) in base 10?
3
Convert 87 (base 11) to base 5.
340
What is 2 (base 3) in base 16?
2
Convert 1 (base 13) to base 6.
1
1344 (base 5) to base 3
22022
Convert 4 (base 13) to base 7.
4
-6 (base 16) to base 9
-6
4 (base 10) to base 16
4
What is -122 (base 10) in base 5?
-442
Convert 43 (base 12) to base 11.
47
What is 2 (base 3) in base 6?
2
Convert 101 (base 3) to base 9.
11
18 (base 13) to base 7
30
What is 24 (base 7) in base 9?
20
Convert -94 (base 13) to base 14.
-89
What is 174 (base 12) in base 14?
128
What is 8 (base 12) in base 5?
13
Convert -1 (base 2) to base 12.
-1
Convert 1e (base 15) to base 7.
41
2 (base 10) to base 15
2
Convert 2 (base 16) to base 8.
2
-6 (base 12) to base 4
-12
-7 (base 14) to base 11
-7
What is 66 (base 9) in base 15?
40
Convert -2a (base 11) to base 2.
-100000
Convert -100110111 (base 2) to base 9.
-375
Convert 114 (base 12) to base 4.
2200
Convert 1230 (base 4) to base 16.
6c
-112 (base 4) to base 5
-42
Convert 211 (base 3) to base 12.
1a
Convert -11 (base 5) to base 8.
-6
-3 (base 16) to base 15
-3
Convert -3 (base 12) to base 7.
-3
-b (base 14) to base 16
-b
-11 (base 3) to base 15
-4
Convert -244 (base 5) to base 15.
-4e
-3 (base 12) to base 3
-10
Convert -40 (base 8) to base 14.
-24
Convert -3 (base 10) to base 9.
-3
What is -a (base 16) in base 9?
-11
What is -15 (base 6) in base 16?
-b
-170 (base 9) to base 12
-100
1 (base 10) to base 3
1
3 (base 15) to base 7
3
What is 31 (base 8) in base 6?
41
Convert 1110110 (base 2) to base 5.
433
-b1 (base 16) to base 11
-151
3020 (base 4) to base 7
404
Convert -b (base 16) to base 9.
-12
What is 20 (base 16) in base 13?
26
-30 (base 6) to base 14
-14
Convert -23 (base 4) to base 10.
-11
-11 (base 11) to base 8
-14
Convert 102 (base 3) to base 10.
11
What is -1101100 (base 2) in base 6?
-300
What is -7 (base 16) in base 12?
-7
-2020 (base 3) to base 13
-48
Convert -2 (base 3) to base 10.
-2
Convert -113 (base 5) to base 13.
-27
Convert -10 (base 2) to base 9.
-2
What is 1c (base 14) in base 3?
222
Convert -2 (base 5) to base 11.
-2
What is -1 (base 4) in base 10?
-1
120 (base 3) to base 12
13
1 (base 4) to base 2
1
Convert -11 (base 5) to base 9.
-6
-1a (base 13) to base 10
-23
What is 12301 (base 4) in base 9?
531
Convert 10e (base 16) to base 12.
1a6
-12 (base 10) to base 14
-c
-3 (base 6) to base 4
-3
-71 (base 14) to base 2
-1100011
3213 (base 4) to base 15
106
Convert -3 (base 16) to base 13.
-3
-22 (base 13) to base 8
-34
Convert 4c (base 13) to base 11.
59
-2b (base 16) to base 8
-53
Convert -9 (base 12) to base 11.
-9
206 (base 9) to base 2
10101000
What is 3 (base 13) in base 16?
3
What is -4 (base 15) in base 11?
-4
Convert -10 (base 13) to base 8.
-15
-115 (base 6) to base 7
-65
What is -6 (base 9) in base 13?
-6
1 (base 4) to base 14
1
-2 (base 10) to base 14
-2
What is -38 (base 12) in base 4?
-230
What is 165 (base 12) in base 16?
dd
Convert -e (base 16) to base 10.
-14
Convert -105 (base 9) to base 8.
-126
-46 (base 9) to base 15
-2c
-24 (base 8) to base 11
-19
-6 (base 12) to base 6
-10
Convert 1 (base 12) to base 11.
1
What is 